emainder when i is divided by (15/9)/((-335)/(-1608))?
5
Let c be (-10 + 10 - 147/1) + -1. Let p = c + 184. What is the remainder when 119 is divided by p?
11
Let p = -78 - -109. What is the remainder when 121 is divided by p?
28
Let h be (-20)/15*3/(-2). Suppose -2*c - h*c + 56 = 0. Let f = 140 - 113. What is the remainder when f is divided by c?
13
Let m(d) = 2*d**3 + 8*d**2 + 4*d + 2. What is the remainder when 23 is divided by m(-3)?
7
Let s(y) = 2 + 2*y**2 - 3 + 2*y**2 + y - 3*y**2. Let n be s(2). Suppose 5*t = -v + 8 + 29, 45 = 5*t + n*v. Calculate the remainder when t is divided by 5.
2
Suppose 0 = -5*x - 7*x + x + 132. Let p = 23 + -15. Calculate the remainder when x is divided by p.
4
What is the remainder when 183 is divided by 1/(-4) - (-25)/4?
3
Let h be 74/1*(-2)/(-4). Suppose p - h = 9. Let a(i) = -28*i - 212. Calculate the remainder when p is divided by a(-8).
10
Calculate the remainder when (470/50)/((-3)/(-15)) is divided by 24.
23
Suppose 4*g - 3*g = 15. Suppose -5 + 10 = z. What is the remainder when 2/3 - (-185)/g is divided by z?
3
Let y = 9 + -6. Suppose 0 = h + y*h - 60. Calculate the remainder when 38 is divided by h.
8
Let a(c) = 28*c**2 + c + 1. Let z be a(2). Suppose 0*j - 5*j = -z. Let f = -978 + 1021. What is the remainder when f is divided by j?
20
Let h(x) = x**3 - 56*x**2 + 160*x + 55. What is the remainder when h(53) is divided by 16?
12
Suppose 63*u = 116*u - 1643. What is the remainder when 42 is divided by u?
11
Let k(z) = z**3 + z**2 - 1. Let f = 21 + -23. Calculate the remainder when k(3) is divided by (0 + 19)*(-1 - f).
16
Let k = -826 + 838. What is the remainder when 65 is divided by k?
5
Suppose 3*j - 117 = -3*m, j - 227 = -5*m - 20. Calculate the remainder when 117 is divided by m + -14 - 2/(-1).
27
Let d = 22 - 16. Suppose 16*q - 1652 = 60. What is the remainder when q is divided by (-4)/d - (-68)/3?
19
What is the remainder when 11 is divided by -28*(9/(-30))/(6/5)?
4
Suppose -2*t = -3*j + 18, 6*t + 31 = 4*j + t. Suppose -59 - 28 = -4*l - o, 3*o + 12 = l. Calculate the remainder when l is divided by j.
1
Let s = 1029 + -837. Calculate the remainder when s is divided by 2.
0
Let n be (-14)/(-3) + 3*2/(-9). Suppose -f = -2*f, 0 = n*r - 2*f - 156. Calculate the remainder when 111 is divided by r.
33
Suppose -40 = -l + 3. Suppose -13*c + 6894 = 6751. Calculate the remainder when l is divided by c.
10
Let h be 1/(-3)*(-10 - 5). Suppose 5 = z, -4*x + h*z = 3*z - 166. Suppose 4*o - 98 = -38. Calculate the remainder when x is divided by o.
14
Let a be (-18616)/(-22) + 4 + (-92)/22. What is the remainder when 4 + (a/(-6))/((-3)/4) is divided by 15?
12
Suppose -29*h = -23*h - 288. Calculate the remainder when 78 is divided by h.
30
Suppose 0 = -a - 3*h + 63, 220 = 4*a + 5*h + 3. Calculate the remainder when a is divided by 32.
16
Suppose m = -5*w - 9, -23 = -2*m - m - 5*w. Let k = -86 - -144. Calculate the remainder when k is divided by m.
10
Let f(l) = -l**3 + 6*l**2 + 9*l + 14. What is the remainder when f(-6) is divided by 36?
32
Let m(i) = -3*i - 1. Let d(f) = -4*f + 13. Let k be d(7). Let s = 34 + k. Calculate the remainder when s is divided by m(-2).
4
Let y(p) = p**3 + 11*p**2 + 22*p + 145. Calculate the remainder when 48 is divided by y(-10).
23
Let n(f) = -f**2 - 7*f - 6. Let l(b) = -b**3 - 9*b**2 + b + 1. Let z be l(-9). Let v = -13 - z. Calculate the remainder when 14 is divided by n(v).
2
Let l(v) = -v + 31. Let q(x) = x - 2. What is the remainder when l(9) is divided by q(10)?
6
Calculate the remainder when (-20 + 5 - -6)/((-1)/13) is divided by 10.
7
Let o(q) = -q**3 + 13*q**2 + 15*q + 2. Let t(f) = f**2 + 1. Let n be t(-7). Let s = n - 36. Calculate the remainder when 61 is divided by o(s).
13
Let h = 240 + -210. Suppose 2*t + t = 351. What is the remainder when t is divided by h?
27
Let p(a) = -32*a - 14. Let t(g) = 7*g - 5. Let b be t(5). Suppose -3*w - 15 = 0, -5*w = 5*i - 6*i + b. Calculate the remainder when p(-1) is divided by i.
3
Suppose -3*c + 312 = 5*o, c - 5*c - 193 = -3*o. What is the remainder when -51*(17/(-3) - -2) is divided by o?
61
Let c be 1 + (-4 - 0) + 4. Suppose -j + c = -3. Let f(z) = -z + 12. Calculate the remainder when f(7) is divided by j.
1
Suppose 7*i - 3*i - 76 = 0. Let r be (23/(-46))/((-1)/6). Suppose x = 4*p - r*x - 52, -4*x = -3*p + 41. Calculate the remainder when i is divided by p.
8
Let j(l) = l + 0 + 15*l - 5*l - 12. Calculate the remainder when j(6) is divided by 28.
26
Let s(l) = 2*l**2 + 7*l + 11. What is the remainder when s(7) is divided by 55?
48
Suppose -7*u - 41 = -83. What is the remainder when 110 is divided by u?
2
Calculate the remainder when 38 is divided by ((-234)/(-27))/(2/6).
12
Calculate the remainder when -2*(-14)/((-336)/(-8388)) is divided by 18.
15
Let j = 1084 - 845. Calculate the remainder when j is divided by 12.
11
Let n(h) = -11*h + 5. Suppose -3*b + 6*b = 2*m, 0 = m - 5*b. Suppose m = 3*f - 4*o - 67, f - 2*f = o - 20. Calculate the remainder when n(-7) is divided by f.
19
Let n = -67 + 63. Calculate the remainder when 84 is divided by 26 - -3 - 4/n.
24
Let a = -136 + 225. What is the remainder when a is divided by 68?
21
Let t(f) = f**3 + 18*f**2 + 13*f - 37. Let k be 5/((-20)/68)*1. Let x = -19 - -36. Calculate the remainder when t(k) is divided by x.
14
Suppose -3*w - 31 = -7. Let i(q) = -3*q - 8. What is the remainder when i(w) is divided by (-2)/5 + (-4)/10*-16?
4
Suppose -72 = -y - 3*m, -2*y - 117 = -4*y + 3*m. What is the remainder when y is divided by 16?
15
Calculate the remainder when 55 is divided by (-38)/(5 + (0 - 7)).
17
Let i be 57/76 + (17/4)/1. Suppose 58 = i*r - 82. What is the remainder when 55 is divided by r?
27
Let i be 1 - (-22)/(-18) - (-75)/(-27). Calculate the remainder when ((-32)/(-6))/(-8) + (-77)/i is divided by 13.
12
Let t(z) = 10*z + 22. Let m be t(-2). Suppose 0 = 4*h - 20, -3*h + 4*h + 61 = m*q. Calculate the remainder when q is divided by -3*6/(-4)*2.
6
Suppose -4*k = 4*s - 156, 50 = 2*k - 2*s - 20. What is the remainder when 180 is divided by k?
32
Let u(c) = 2*c - 31. Let i be u(0). Let f = i - -67. Suppose 0 = 5*t - 126 + f. Calculate the remainder when t is divided by 10.
8
Let w(d) = d**2 + 7 - 4*d**2 + 2*d**2 + 2*d**3 + 2*d**2. What is the remainder when w(3) is divided by 18?
16
Let z be (-2)/1*1 - -4. What is the remainder when 59 is divided by ((-65)/(-10) - -4)*z?
17
Suppose 3*a + 51 = -9*k + 4*k, 78 = -3*a + 4*k. Let j be 2*1*(-2)/4. Let q = j - a. What is the remainder when 61 is divided by q?
19
Let u = -25 + 29. Let l(v) = -2*v**2 + 2*v**2 + v**2 + 2 - 2*v. Calculate the remainder when l(4) is divided by u.
2
Let b = 25 - -41. Let z(p) = p**2 + 9*p + 12. Calculate the remainder when b is divided by z(-11).
32
Suppose -w - 3 = 0, 3*b - 4*b + 2*w + 13 = 0. Let t(q) = q**2 - 4*q + 3. What is the remainder when 46 is divided by t(b)?
22
Let b(c) = -c + 4. Suppose -15*t - 26*t + 164 = 0. What is the remainder when b(-6) is divided by t?
2
Let d = -4 + 28. Suppose 0 = -2*q - 8, 3*o - q - 337 = -6*q. Calculate the remainder when o is divided by d.
23
Suppose 0 = -3*t + 3, -x - 3*t - 7 + 49 = 0. Calculate the remainder when (-45019)/(-195) + (-8)/(-60) is divided by x.
36
Suppose 20 = -2*h + 7*h. Calculate the remainder when 2/(h*(-3)/(-174)) is divided by 17.
12
Suppose -4*c - 28 = -t, -t = -3*c - 0*c - 25. Calculate the remainder when 42 is divided by t.
10
Let m = -797 - -847. Calculate the remainder when 99 is divided by m.
49
Let c(f) = 25*f - 342. What is the remainder when 175 is divided by c(16)?
1
Let l = 5 - 3. Suppose -m = -l*m + 6. Suppose -5*o + 34 = -m. Calculate the remainder when 31 is divided by o.
7
Let h(k) = 26 + 0 + k - 5. Let u be h(0). Let x = u + -10. What is the remainder when x is divided by 4?
3
Let z(i) = 2*i**2 - 12*i - 9. Let g be z(7). Suppose w + w + 51 = k, 227 = g*k - 3*w. Calculate the remainder when k is divided by 15.
13
Let c(b) be the third derivative of -b**6/120 - 13*b**5/60 - 13*b**4/24 + b**3 - 10*b**2. What is the remainder when c(-12) is divided by 10?
8
Suppose 2*z = 3*h + 192, 2*z - h + 0*h - 184 = 0. What is the remainder when z is divided by 31?
28
Suppose -4*p = 11 - 15. Let d(z) = 21*z - 2. Calculate the remainder when 92 is divided b